 derivative of -z**2/2 - z + 4. List the prime factors of i(j).
2
Let t(h) = 3*h**3 + 2*h + 2. Let q be t(-1). What are the prime factors of (-3 + 88 - q)/2?
2, 11
Let x(r) = -r**3 + 7*r**2 + 2*r + 10. What are the prime factors of x(6)?
2, 29
Let v = 31 + -6. What are the prime factors of v?
5
Suppose -2*i + 1 = -3. Suppose -5*g = -4*t + i*t - 8, -1 = -g + t. List the prime factors of (-85)/(-15) - g/3.
5
Let h(x) = x**3 - x**2 - 3*x + 3. Let f be h(3). Suppose 8*b - 31 = -7. Let m = b + f. List the prime factors of m.
3, 5
Let g be 1/(3*1/12). Let i be (g/5)/((-6)/(-15)). List the prime factors of i/(-9) + (-166)/(-18).
3
Let b(t) = -t**3 + 13*t**2 + 15*t + 9. What are the prime factors of b(14)?
23
Suppose 0 = 2*i + 2*o + 2*o - 96, 4 = o. What are the prime factors of i?
2, 5
Suppose 4*m - 122 = -3*s, 2*m + s - 62 = -0*s. What are the prime factors of m?
2
Suppose 42 = 5*a - 8. Suppose g = -x - 3*g - a, 4*x + 3*g + 1 = 0. What are the prime factors of x?
2
Let a be -1 + (0 - (-74)/(-2)). What are the prime factors of a/(2 + -4) - -1?
2, 5
What are the prime factors of 96 + ((-4)/(-2) - 5)?
3, 31
Let u(w) be the second derivative of -5*w**3/6 + w**2 + 4*w. List the prime factors of u(-1).
7
Suppose -j + 360 = 5*j. Suppose 2*i + 2*r = i + 8, -r = -i - 4. Suppose 4*h + i*h - j = 0. What are the prime factors of h?
3, 5
Suppose 5*f + 0 = 20. Suppose -n - 12 = -f*n. What are the prime factors of n?
2
Suppose -4*h + 17 = -t, 5*t - h - 3*h = -5. Suppose v = -0*v + t. Let o(j) = -j**3 + 4*j**2 - 3*j + 4. What are the prime factors of o(v)?
2
Suppose 2*c - 5*r - 106 = 0, -5*c - 3*r + 196 + 131 = 0. What are the prime factors of c?
3, 7
Let s = -15 - -22. Suppose -o - 3 - s = 0. List the prime factors of (-1 - 14)*4/o.
2, 3
Suppose -24 = -4*a + 76. List the prime factors of a.
5
Suppose 3*z - 144 = 18. List the prime factors of z.
2, 3
Let b(g) = g**2 - 4*g - 24. List the prime factors of b(-10).
2, 29
Suppose -2*g + w = -19, 3*g - w = w + 31. List the prime factors of g.
7
Let w be 10/(((-10)/(-4))/(-5)). What are the prime factors of -1*18*10/w?
3
Let v = 134 + -96. What are the prime factors of v?
2, 19
Let i = -76 + 119. List the prime factors of i.
43
Suppose -q + 69 = 14. What are the prime factors of q?
5, 11
Suppose -5*v + 3*v = -6. Suppose -2*p - v*p = -90. What are the prime factors of p?
2, 3
Let y(f) = f**3 + 6*f**2 - 19*f - 9. What are the prime factors of y(-8)?
3, 5
Let x = -69 + 132. Let z = x - 38. List the prime factors of z.
5
Suppose -4*i + 459 = -i. List the prime factors of i.
3, 17
Suppose 8 = 4*n, 4*z - 2*n - 10 = 2. Let c be (-5)/(10/z)*-14. What are the prime factors of c/(-6)*6/(-4)?
7
Suppose -39*h + 83 = -38*h. What are the prime factors of h?
83
Let l be 1/(-1 + 8/10). Let z(m) = 13*m + 4*m**2 - 6*m - 2*m**2. What are the prime factors of z(l)?
3, 5
Suppose -b = -18 + 2. Let h = b + 11. List the prime factors of h.
3
Let g(u) = -6*u + 23. Let d(h) = h - 1. Let l = 5 - 4. Let i(a) = l*g(a) + 5*d(a). What are the prime factors of i(8)?
2, 5
Suppose -3*t = 4*t + 497. Let h = 100 + t. List the prime factors of h.
29
What are the prime factors of (8/16)/((-1)/(-60))?
2, 3, 5
Let k be (6/3 + -2)*1. Suppose k*f = -5*f - w + 17, -2*f = -5*w + 4. What are the prime factors of f?
3
Let g be (-6)/4*-6 + -3. List the prime factors of (-2 + g)/(3/15).
2, 5
Suppose -3*g + 5 = 5*z, 2*z - 5*z + 3 = -3*g. Suppose g = 3*b + 2*b. Suppose b = d - 4*l + 7, 0*d + d + 4*l - 25 = 0. List the prime factors of d.
3
Let n = 6 - -29. List the prime factors of n.
5, 7
Suppose 0 = -4*d - m - 1 - 3, -d = m + 4. Suppose 2*c + d = -12. List the prime factors of (c/(-7))/(2/14).
2, 3
Suppose -102 + 3 = -9*r. What are the prime factors of r?
11
Let u be -2*(-1)/(-1) + 74. Suppose -4*q = -2*b + 16, -2*q = -0*b + 4*b - u. Let l = -9 + b. What are the prime factors of l?
7
Let m = -31 - -71. Suppose 7*i - m = 2*i. What are the prime factors of i?
2
Suppose w + 1 = s, 2*w - 8*s - 6 = -4*s. Let l be -3 + (-3 - 39/(-3)). Let p = l - w. List the prime factors of p.
2, 3
Let n = 9 - 2. Let l = n + 0. List the prime factors of l.
7
What are the prime factors of 10 - 9 - 5*-9?
2, 23
Let i be 2/(4 + -2 + -1). Let x = -4 - -56. Suppose 4*o - s - i*s = 52, 4*s = 4*o - x. List the prime factors of o.
13
Suppose -14 - 1 = -3*o. Suppose -11 = h + 5*m - 4, 3*m - 9 = -o*h. What are the prime factors of h?
3
Let n(z) = -z - 1. Let i(f) = -2*f**2 - 3*f - 9. Let p(a) = -i(a) + 5*n(a). Let w be p(4). Suppose o + 3*o = w. What are the prime factors of o?
7
Let k(b) = b**2 - 9*b + 11. List the prime factors of k(11).
3, 11
Let p = -16 - -29. List the prime factors of p.
13
Let n = -4 - -30. List the prime factors of n.
2, 13
Suppose -j + 20 = -3*u, 0*j + 38 = 2*j - 5*u. What are the prime factors of j?
2, 7
Let o(u) = -u**3 + 4*u**2 + 4*u - 3. Let a(j) = -j**3 + 0*j**2 - 4 + 9*j + 7*j**2 + 0. Let c be a(8). What are the prime factors of o(c)?
13
Let y be (-10)/(-15) - (-13)/3. Let n be (-14)/(-18) + 2/9. What are the prime factors of 49/y - n/(-5)?
2, 5
Let j be (-4)/(-6) + 7/3. Suppose 0 = j*q - 62 + 14. List the prime factors of q.
2
Suppose -3*z = -6*z + 3. Let u be (2/z)/((-4)/(-58)). Suppose 3*i - u = 2*a, -a - 48 = -5*i + 2*a. List the prime factors of i.
3
Suppose -j - 2*j + 186 = 0. What are the prime factors of j?
2, 31
What are the prime factors of -545*(4/(-5))/4?
109
What are the prime factors of 3/2 + 26/4?
2
Let s(y) = y**2 - 6*y + 5. Suppose 4*z - z = -18. Let m be 3 + -1 - (z - -2). List the prime factors of s(m).
5
Suppose 0 = -g + 1 + 2, 0 = 5*l + g - 123. Suppose 4*y - l - 28 = 0. List the prime factors of y.
13
Let x = 1 - -1. Suppose x*r - 24 - 6 = 0. Suppose 21 + r = 3*p. What are the prime factors of p?
2, 3
Let l(c) = c**2 + c + 2. Let o be 0 + 1*27/3. Suppose y - 5*y = d + o, -3*y - 2*d = 3. List the prime factors of l(y).
2
Let o(v) = v**3 - 4*v**2 - 12*v + 6. List the prime factors of o(8).
2, 83
Let p = 22 - -9. What are the prime factors of p?
31
Suppose c - 50 - 21 = 0. What are the prime factors of c?
71
Let s be 3*((-2)/(-3) + -2). Let f(w) = -w**2 - 8*w - 1. List the prime factors of f(s).
3, 5
Let h be (-1)/((1*-3)/(-21)). What are the prime factors of h*2/(-2)*1?
7
Let h = -22 - -24. Suppose 0 = 4*q - 5*q - h*c + 9, 4*q = -2*c + 36. What are the prime factors of q?
3
Suppose -196 = -3*l - 4*v, -v = 3*l - 0*l - 184. List the prime factors of l.
2, 3, 5
Suppose -4*g = z - 5*z, 5*g - 3*z - 6 = 0. Let r = 0 + g. Suppose 6*b - 18 = r*b. What are the prime factors of b?
2, 3
Let k(u) = u - 1. Let n be k(1). Suppose 7*r - 3*r - 160 = n. What are the prime factors of r?
2, 5
Suppose 116 = -5*t + t. Let a = 46 + t. Suppose -7 = 5*q - a. What are the prime factors of q?
2
Suppose -2*t + 120 = -2*o, 2*t - 3*t - 4*o = -75. What are the prime factors of t?
3, 7
Let w(u) = u + 10. Let z(m) = m**3 + 6*m**2 + 6*m + 5. Let t be z(-5). Suppose 2*n + n + 18 = t. What are the prime factors of w(n)?
2
Let w = -4 + -2. Let v be 1/(1/2) - -11. Let x = v + w. What are the prime factors of x?
7
Let s(u) = -u**3 - 2*u**2 + u - 3. Let q be s(-3). Suppose -q*w = -2*w - 9. Let g(y) = -y**3 + 9*y**2 + 9. What are the prime factors of g(w)?
3
Let f(s) = 9*s**2 - 22. What are the prime factors of f(4)?
2, 61
What are the prime factors of 2/(-1) - 800/(-4)?
2, 3, 11
List the prime factors of (4 - -41 - 4) + 0.
41
Let p(k) be the first derivative of -k**4/4 + 4*k**3 - 11*k**2/2 + 7*k + 3. List the prime factors of p(11).
7
Suppose 3*p + 5*q - 196 = 0, -2*p + 134 = -0*q + 5*q. Suppose -g = g - p. What are the prime factors of g?
31
Suppose 3*b - b - 118 = 0. List the prime factors of b.
59
Let j(m) = -m**2 - 14*m + 9. Let x be j(-8). Suppose -5*l + x = -53. List the prime factors of l.
2, 11
Let g(c) = 5*c**3 - 7*c**2 + 6*c + 5. List the prime factors of g(4).
3, 79
Suppose -3*g + 18 = 3*l, -4*g + 3*l + l = -8. Suppose -28 = -4*n + 2*i, -3*n + 4*n - 14 = g*i. What are the prime factors of n?
2, 3
Suppose -4*v + 192 = -3*g, 4*v - 6*g - 200 = -g. List the prime factors of v.
3, 5
Suppose 0 = h + 3*f - 80, -2*h + f + 146 = -0*f. What are the prime factors of h?
2, 37
Let a(b) = b**3 - 8*b**2 - 15*b + 12. What are the prime factors of a(10)?
2, 31
Let q = -11 - -9. Let b = 9 + 